(6).
-11
Let b(w) = -8*w - 154. Determine b(-18).
-10
Let m(y) = -305*y - 371. Give m(-3).
544
Let f(t) = 4*t**3 - 237*t**2 + 64*t - 306. Give f(59).
-11
Let y(w) = w**3 + w**2 - 659*w + 3701. What is y(6)?
-1
Let n(d) = -21*d**2 + 147*d + 7. What is n(7)?
7
Let m(d) = -17*d + 96. Determine m(18).
-210
Let c(w) = 8*w**3 + 119*w**2 - 24*w - 87. What is c(-15)?
48
Let v(s) = -11*s**2 - 3193*s + 3195. Determine v(1).
-9
Let m(x) = x**3 + 6*x**2 + 4*x + 68. Give m(-7).
-9
Let b(i) = -i**3 - 34*i**2 + 77*i + 111. Calculate b(-36).
-69
Let c(l) = 2*l**3 - 3*l**2 - l - 9. Determine c(3).
15
Let o(s) = -14*s**2 + 176*s - 105. Calculate o(12).
-9
Let a(h) = h**2 - 33*h + 37. Determine a(21).
-215
Let k(h) = 2*h**3 - 4*h**2 - 126*h - 8. Give k(9).
-8
Let q(o) = o**2 - 15*o - 22. What is q(10)?
-72
Let n(i) = 2*i**3 + 29*i**2 - 6*i - 47. Calculate n(-14).
233
Let m(c) = c**3 - 32*c**2 + 92*c - 158. What is m(29)?
-13
Let g(i) = i**3 - 6*i**2 + 19*i - 63. Give g(4).
-19
Let m(u) = -10*u + 201. Determine m(26).
-59
Let t(d) = 2*d**2 - 26*d - 111. Calculate t(17).
25
Let r(d) = -25*d**2 + 26*d - 3. Give r(2).
-51
Let k(t) = -33*t**3 - t. Determine k(1).
-34
Let h(a) = 45*a + 948. Give h(-22).
-42
Let w(l) = -l**3 + 2*l**2 + 72*l - 46. Give w(-8).
18
Let s(b) = -b**2 - 69*b + 371. Give s(-74).
1
Let t(c) = -9*c**2 - 36*c - 4. Give t(-4).
-4
Let l(y) = y**3 - 8*y**2 - 4*y - 7. Determine l(0).
-7
Let x(n) = -n**3 - 3*n**2 + 10*n + 11. What is x(-6)?
59
Let w(j) = 3*j**3 - 44*j**2 + 111*j - 24. What is w(3)?
-6
Let r(b) = -b**3 - 6*b**2 + 8*b + 48. Give r(-6).
0
Let f(t) = -12*t**2 - 280*t - 1625. What is f(-11)?
3
Let m(u) = -54*u**2 + 122*u - 376. Give m(3).
-496
Let v(f) = f**3 + 32*f**2 - 34*f - 37. Calculate v(-33).
-4
Let g(u) = -u**3 - 22*u**2 + 17*u - 102. What is g(-23)?
36
Let r(x) = -2*x**3 + 175*x**2 + 440*x + 900. Give r(90).
0
Let j(y) = -y**2 + 16*y - 4. Determine j(18).
-40
Let q(b) = 14*b**3 - 99*b**2 + 14*b - 62. What is q(7)?
-13
Let d(b) = -43*b - 551. What is d(-13)?
8
Let j(f) = 6*f**3 - 74*f**2 - 8*f + 375. Calculate j(12).
-9
Let o(c) = 11*c + 6. Determine o(-4).
-38
Let i(s) = s**3 + 27*s**2 + 161*s + 172. What is i(-19)?
1
Let k(m) = -11*m - 579. Calculate k(-53).
4
Let t(u) = u**2 - 17*u - 792. Calculate t(-21).
6
Let n(o) = -62*o - 479. Determine n(-8).
17
Let c(f) = f**3 + 102*f**2 - 89*f + 12362. What is c(-104)?
-14
Let m(o) = -o**3 - 7*o**2 - 12*o - 13. What is m(-4)?
-13
Let b(u) = -228*u - 2044. What is b(-9)?
8
Let t(l) = 101*l - 4582. Calculate t(45).
-37
Let n(d) = d**3 + 316*d**2 + 1179*d - 21524. Determine n(-312).
4
Let v(u) = -3*u**2 + 146*u - 1806. Calculate v(25).
-31
Let q(v) = v**2 + 417. Calculate q(0).
417
Let q(r) = -85*r - 4609. Calculate q(-54).
-19
Let s(a) = 111*a**2 - 471*a - 26. Give s(4).
-134
Let y(b) = 28*b - 28. Determine y(3).
56
Let a(h) = -21*h**3 - 8*h**2 - 34*h + 74. Give a(2).
-194
Let a(p) = 1023*p + 2053. What is a(-2)?
7
Let m(z) = -17*z**2 + 291*z + 262. Give m(18).
-8
Let v(k) = -k**2 + 176*k - 6850. Determine v(118).
-6
Let h(w) = 901*w - 221636. Give h(246).
10
Let u(n) = -3*n**2 - 68*n - 665. Determine u(-13).
-288
Let a(h) = -2*h**3 - 63*h**2 - 146*h - 36. Give a(-29).
-7
Let j(r) = 21*r**3 - 505*r**2 + 26*r - 9. Determine j(24).
39
Let k(u) = -5*u**3 - 481*u**2 - 89*u + 662. Give k(-96).
-10
Let a(d) = -d**3 + 21*d**2 + 30*d - 187. What is a(22)?
-11
Let d(p) = p**3 + 58*p**2 + 121*p + 509. Determine d(-56).
5
Let b(y) = -72*y - 5797. Give b(-80).
-37
Let v(k) = 116*k - 730. What is v(7)?
82
Let j(h) = 6*h**2 + 541*h - 3465. What is j(6)?
-3
Let p(a) = a**2 + 14*a - 56. Give p(11).
219
Let r(t) = 274*t - 317. Calculate r(1).
-43
Let c(g) = g**2 - 7*g - 2. What is c(14)?
96
Let j(q) = q**3 + q**2 - 6*q - 1. Determine j(-2).
7
Let z(k) = -k**3 + 12*k**2 + 17*k + 9. Determine z(13).
61
Let i(d) = -d**3 - 13*d**2 + 138*d - 56. Determine i(-20).
-16
Let s(h) = 5*h**2 + 144*h + 986. Give s(-18).
14
Let d(b) = 488*b + 73200. What is d(-150)?
0
Let k(m) = -16*m + 951. Determine k(37).
359
Let i(n) = -7*n - 127. Give i(14).
-225
Let z(u) = -83*u + 3789. Calculate z(45).
54
Let c(u) = 10*u**2 - 89*u - 203. Calculate c(-2).
15
Let l(y) = y**3 + 5*y**2 + 4*y + 46. Calculate l(-7).
-80
Let c(t) = -t**2 - 23*t - 131. Give c(-13).
-1
Let i(a) = 386*a**2 - 2702*a + 13. Calculate i(7).
13
Let o(c) = -32*c**2 + 203*c - 69. Calculate o(6).
-3
Let v(f) = 318*f - 15579. Determine v(49).
3
Let h(f) = -15*f**3 - 78*f**2 - 12*f + 11. Give h(-5).
-4
Let z(x) = 2*x**3 - 92*x**2 - 51*x - 1966. What is z(47)?
55
Let k(m) = -m**2 - 49*m - 423. What is k(-11)?
-5
Let z(q) = -5*q + 2. Determine z(8).
-38
Let p(z) = 48*z - 495. Determine p(11).
33
Let c(j) = -j**3 - 29*j**2 - 32*j + 1702. Give c(-25).
2
Let d(q) = 2*q**3 - 47*q**2 + 174*q - 82. What is d(19)?
-25
Let q(l) = 2*l**3 - 40*l**2 + 8*l - 25. Determine q(20).
135
Let q(i) = 523*i - 1034. Calculate q(2).
12
Let i(y) = -y**3 + 7*y**2 + 29*y - 347. Give i(0).
-347
Let l(n) = -6*n**3 + 318*n**2 + 331*n - 387. Give l(54).
-9
Let g(q) = -q**2 - 158*q + 2217. Give g(13).
-6
Let b(t) = 115*t + 797. Give b(-7).
-8
Let o(b) = -b**3 + 27*b**2 - 132*b + 36. What is o(6)?
0
Let j(n) = -n**2 + 233*n - 10244. Determine j(174).
22
Let s(k) = k**2 - 343*k + 1014. Determine s(3).
-6
Let a(h) = -77*h - 2667. Give a(-34).
-49
Let q(d) = -351*d + 53. What is q(0)?
53
Let m(v) = -160*v + 1067. Give m(6).
107
Let p(l) = -42*l**2 - 465*l + 2. Give p(-11).
35
Let h(m) = m**3 + 60*m**2 - 60*m + 271. What is h(-61)?
210
Let n(b) = 65*b**2 - 193*b - 10. What is n(3)?
-4
Let h(k) = -53*k**2 - 52*k + 156. Calculate h(3).
-477
Let z(b) = b**2 - 73*b + 475. Determine z(9).
-101
Let w(s) = -3*s**3 + 5*s**2 + 4*s - 34. Determine w(7).
-790
Let g(o) = o**2 - 1914*o + 7633. Calculate g(4).
-7
Let d(k) = -k**3 + 4*k**2 + 398*k - 1994. Give d(5).
-29
Let m(l) = -123*l**3 - l**2 + 8*l + 9. What is m(-1)?
123
Let t(q) = -q**2 - 49*q + 4. Calculate t(0).
4
Let c(h) = 2*h**3 - 3*h**2 - 29*h + 645. Give c(-7).
15
Let j(q) = 46*q + 607. Give j(-14).
-37
Let q(g) = g**3 + 4*g**2 + 6*g + 23. Determine q(-7).
-166
Let s(k) = -232*k - 350. Determine s(-1).
-118
Let h(f) = 2*f**3 + 5*f**2 - 11*f - 9. Give h(-4).
-13
Let j(z) = -4*z**2 - 8*z - 19. Give j(-4).
-51
Let a(p) = 53*p + 850. Calculate a(-16).
2
Let b(v) = 10*v**3 - v**2 - 14*v - 15. Calculate b(-2).
-71
Let r(s) = -s**3 + 22*s**2 + 97*s - 73. Determine r(25).
477
Let a(t) = -2*t**2 + 170*t + 2327. Give a(97).
-1
Let r(o) = 2*o**2 - 146*o - 142. What is r(-1)?
6
Let j(w) = 134*w + 3343. What is j(-25)?
-7
Let r(k) = -k**3 - 13*k**2 + 28*k + 108. Calculate r(-14).
-88
Let j(g) = -g**3 - 21*g**2 + 164*g + 53. Determine j(-27).
-1
Let i(t) = -13*t**2 - 2*t - 204. Give i(0).
-204
Let y(q) = 2*q**2 + 41*q - 1938. What is y(-43)?
-3
Let f(q) = -64*q + 7329. Give f(114).
33
Let g(b) = -4*b**3 - 8*b**2 + 8*b + 7. What is g(-4)?
103
Let u(k) = -k**2 + 1583*k + 12737. What is u(-8)?
9
Let h(p) = 2*p**3 + 36*p**2 - 37*p + 10. Determine h(-19).
-9
Let u(c) = 4*c**3 - 18*c**2 + 47*c - 271. Give u(7).
548
Let p(m) = 8*m**2 + 29*m - 135. Calculate p(-10).
375
Let x(d) = d**2 - 23*d + 15. Calculate x(-5).
155
Let n(x) = -x**3 + 32*x**2 - 78*x + 207. What is n(30)?
-333
Let i(b) = b**2 - 64*b + 1357. What is i(40)?
397
Let o(w) = -33*w - 1743. Determine o(-53).
6
Let o(p) = 113*p**3 - 2*p**2 + 2*p - 1. Determine o(1).
112
Let m(h) = 2*h**2 - 8*h - 1554. Calculate m(30).
6
Let t(w) = 2*w**3 + 8*w**2 - w - 25. What is t(-5)?
-70
Let k(v) = 21*v - 296. Calculate k(24).
208
Let w(g) = 58*g + 15372. Determine w(-265).
2
Let x(c) = 15*c + 134. Determine x(-12).
-46
Let p(m) = -2*m**3 - 17*m**2 - 32*m - 9. Give p(-6).
3
Let q(x) = 454*x - 3758. Determine q(8).
-126
Let t(h) = -6*h**2 - 1180*h + 404. Give t(-197).
10
Let a(m) = -7*m - 57. Determine a(-17).
62
Let n(x) = -2*x**3 - 23*x**2 - 59*x + 27. Determine n(-7).
-1
Let n(a) = -140*a - 549. Determine n(-5).
151
Let k(w) = 324*w + 19408. Determine k(-60).
-32
Let a(t) = -t**3 + 50*t**2 - 98*t + 57. What is a(48)?
-39
Let t(m) = -m**3 + 3*m**2 + 36*m - 125. Determine t(4).
3
Let s(j) = -284*j + 4285. Give s(15).
25
Let m(k) = 5*k**3 - 33*k**2 + 63*k - 31. Determine m(3).
-4
Let c(s) = -2*s**2 + 13*s - 10. What is c(5